-w - 55 = -b. What is the tens digit of w?
8
Let f be 1/(-2)*-8 - 4. Suppose -5*l + 29 + 12 = 2*u, -5*u - 10 = f. What is the tens digit of (l/(-2))/((-2)/16)?
3
Suppose -24020 = 10*b - 30*b. What is the units digit of b?
1
Let g(l) = -l**2 - 5*l - 1. Let w be g(-2). Let q(o) = -w + 0 + 29*o - 38*o. What is the units digit of q(-5)?
0
Let n(o) = -10*o + 13 + 11 + 0 - 6. What is the units digit of n(-6)?
8
Let c(a) = a**3 + 4*a**2 + 4*a + 3. Suppose -5*v = 2*i + 9, 4*v = -i + 6*i - 27. Suppose 0 = i*h + 4 + 2. What is the units digit of c(h)?
3
Let m(s) = 3*s - 1. Let r be m(-3). Let h be r/(-4) + 8/(-16). Suppose h*j - 15 - 2 = 3*u, 15 = j + 5*u. What is the tens digit of j?
1
Let s(a) = 5*a**2 + 21*a - 67. What is the units digit of s(6)?
9
Let w(u) be the second derivative of 0 - 1/6*u**3 - 2*u**2 - 5*u. What is the units digit of w(-5)?
1
Let b be -3*(2/(-3) + 0). Let t be (b - (-28)/(-6))*3. What is the units digit of (t/6)/((-24)/54)?
3
Let j be (-1)/(-4)*-2*(-2 - -2). Suppose j = z + z + 10, 4*m - 5*z - 353 = 0. What is the units digit of m?
2
Suppose -w = 4*w - 25. Suppose 0 = r + w*b - 15, -r + 5*b = -2 - 3. What is the tens digit of r?
1
Suppose -5*p + 149 = -21. What is the units digit of 2 - (4 - p)/1?
2
What is the tens digit of 11/(33/9) - -471?
7
Let m = 7822 - 3210. What is the units digit of m?
2
Suppose 4*w - w = 36. Suppose 4*k - 19 = 17. Let z = w - k. What is the units digit of z?
3
Suppose -12 = -4*r, 4*p - 9 = 2*r + 1. Suppose -2*c - 450 = -5*c. Suppose -p*j - j = -c. What is the units digit of j?
0
Let s = -16 - -10. Let w be s/10*15/(-1). What is the units digit of ((-12)/w)/((-4)/174)?
8
Let h(t) = 0 + 0 + 3 - 7*t. Let p(o) = -20*o + 9. Let q(x) = 8*h(x) - 3*p(x). What is the tens digit of q(8)?
2
Let y = -3120 + 5286. What is the tens digit of y?
6
Let l(v) = -v + 2. Let h be l(9). Let z = -19 - h. What is the units digit of z/(-42) - 292/(-7)?
2
Suppose 5*s + 5 = -5*n - 0*s, 4*s = 2*n + 32. Let w be (-3)/(-9) + (-16)/n. What is the tens digit of (22/w)/(14/42)?
2
Suppose -117 = -5*x + 5*i - 17, -3*x - 3*i = -60. Let o be (48/x)/(4/90). Suppose 0 = -3*m - 0*m + o. What is the tens digit of m?
1
Suppose 0 = 5*o + 5*i - 15, 3*i + 7 = -0*o + 5*o. Suppose 4*v + o*w + 12 = -3*w, 3*v = -2*w - 2. Suppose s + v*s = 111. What is the tens digit of s?
3
Let y(m) = m**3 + 19*m**2 + 18*m - 3. Let s be y(-18). What is the tens digit of ((-172)/s)/(-2 + (-24)/(-9))?
8
What is the tens digit of (-174564)/(-130)*20/8?
5
Let s = -33 + 80. Suppose 3*z - s = 73. What is the tens digit of z?
4
Let l = 8542 - 5716. What is the units digit of l?
6
Let l be (-22)/4 - 8/(-16). What is the hundreds digit of (-53)/(l - 96/(-20))?
2
Let l = 0 - -76. What is the tens digit of 5/(l/36 + -2)?
4
Let c(l) = 234*l - 231. What is the units digit of c(21)?
3
Let n = -5 + 6. Suppose 2*o - 6 = -l, 0 = -3*l - 2*o + n + 5. Suppose l = 2*b + 3 - 35. What is the units digit of b?
6
Suppose 2*m = -6*q + 8*q + 970, q = -5*m + 2395. What is the tens digit of m?
8
Let k be (5 - -2)*(-12 + 11). Let t(l) = l**2 + 5*l - 14. Let a be t(k). Suppose a = -4*r + 5*i + 174, 5*r = 4*r + 3*i + 47. What is the tens digit of r?
4
Let h(g) = 181*g**2 - 40*g - 40. What is the thousands digit of h(-4)?
3
Let r be -2*(3 + (-36)/8). Suppose -b + 301 = 4*b + 2*u, -u = r*b - 180. What is the tens digit of b?
5
Let w(y) = -16*y + 2. Suppose -2*i - 3*i = -90. Let z be 81/i*(-4)/6. What is the tens digit of w(z)?
5
Let g be (-1)/((-21)/18 + 1). Let j(q) = 3*q - 6*q - 4 + 0 + q**2. What is the units digit of j(g)?
4
Let d(i) = 72*i**2 + 18*i + 63. What is the thousands digit of d(-5)?
1
Let q(j) = j**2 + 3*j - 4. Suppose -12 = -4*d + 7*d - 3*c, 0 = -c. Let g be q(d). Let a = g + 24. What is the units digit of a?
4
Let o = -55 - -35. What is the units digit of -4 + (-85)/o + 447/4?
2
Let j(b) = 66*b + 153. What is the tens digit of j(10)?
1
Let l(c) = -3*c + 28. Let v be l(8). Suppose v*p + 3*i = 549, 5*p + 2*i - 689 = i. What is the hundreds digit of p?
1
Let s = 1927 + -1098. What is the units digit of s?
9
Suppose 58 = -5*f + d - 2*d, 2*f - d + 26 = 0. Let j = 17 + f. Suppose 2*i + 3*m - 8 = 2*m, j*i - 20 = 2*m. What is the units digit of i?
4
Let o(w) = -28*w + 491. What is the hundreds digit of o(-39)?
5
Suppose -5*d = -43 + 33. Suppose -4*c + 192 = -5*s, 4*s - 173 = -3*c + d. What is the units digit of c?
3
Let v(q) = 20*q**2 - 2*q - 11. Let w be v(-4). Suppose -a + 5*b + 196 = 0, w = 2*a + 4*b + b. What is the hundreds digit of a?
1
Suppose -819 = -3*d + 9*p - 7*p, 5*d - 4*p = 1363. What is the hundreds digit of d?
2
Suppose -a + 6*a = 3*t + 1544, -3*t - 304 = -a. What is the units digit of a?
0
Suppose -74 = 3*j + 2*j + 3*a, -5*a = j + 6. Let y = j - -24. What is the units digit of 0 - (-1 - y - -3)?
6
Suppose -9*x = -78 - 3. Suppose -x - 703 = -4*j. What is the tens digit of j?
7
Suppose 14 = 2*k + 5*m - 3, -k + 5*m = -1. Let z(a) = 2*a**3 - 11*a**2 - 3*a + 13. What is the units digit of z(k)?
1
Suppose 3*n - 2*n = 5*k + 666, 0 = -4*n - 5*k + 2614. What is the hundreds digit of n?
6
Suppose -8*o + 60*o = 0. Suppose -5*h = 4*u - 21, 0 = 3*u - 4*u - 5*h + 9. Suppose -2*i - 2*i - 16 = 0, o = -u*r + i + 72. What is the tens digit of r?
1
Let v = 15 + -12. Suppose v*c = 6 + 12. What is the units digit of 217/c - (-6)/(-36)?
6
Suppose 4026 = -10*b + 28346. What is the hundreds digit of b?
4
Suppose 2*c + 9 = 5*c. Let k be (5 - 2)*10/c. Let i = k - -7. What is the tens digit of i?
1
Let z(q) = -482*q - 20. What is the hundreds digit of z(-2)?
9
Suppose 5*f = 5, 4*x + 5*f = 88 - 3. What is the units digit of 9/(-15)*-173 - (-4)/x?
4
Suppose -3*g - 44 = -4*m - 4*g, 0 = 4*m - 5*g - 20. Let n(y) = -2*y**3 + 3*y**2 - y + 1. Let u be n(2). What is the units digit of (-68)/u - (-4)/m?
4
Let k(f) = f**3 + 5*f**2 + 3*f + 4. Let i be k(-4). Suppose -12*x + 4*x + i = 0. What is the units digit of x?
1
Suppose 257 + 815 = 4*z. What is the units digit of z?
8
Suppose 51 = 5*s - 19. Let f = -12 + s. Let k(m) = 11*m + 2. What is the tens digit of k(f)?
2
Let u(m) be the third derivative of m**5/60 + m**4/24 - m**3/3 + 6*m**2. Let g(w) be the first derivative of u(w). What is the units digit of g(0)?
1
Suppose 6*p - 18 = -0*p. Suppose 0 = 2*r + p*m - 267, -5*r = -4*r - 4*m - 106. What is the hundreds digit of r?
1
Suppose 22*d = 13*d + 1971. What is the hundreds digit of d?
2
Suppose 0*q - 3*f + 103 = -4*q, q + 27 = f. Let o = q + 16. What is the tens digit of (8/o)/((-6)/135)?
3
Let z be 3 + ((-228)/18)/(4/(-6)). Suppose -245 = -3*x + 112. Suppose 3*w - z = x. What is the units digit of w?
7
Suppose -23220 = -5*z - 15*z. What is the units digit of z?
1
Let f = -144 - -282. What is the tens digit of f?
3
Suppose 4*t = 3*r - 26, 4*t + 2 = 2*r - 3*r. Let m be (-8 - -5)*1/(-1). Suppose -2 = 2*j, -m*q + 2*j + 23 = r*j. What is the units digit of q?
9
Let q(d) = -2*d**3 - 7*d**2 - 7*d + 1. Let b be q(-4). Suppose -2*i + 5*s = 35, i + b = -3*i + 5*s. What is the units digit of (-257)/i + (-8)/20?
1
Let p be (-256)/(-18) + 4/(-18). Suppose 0 = -3*c + p + 16. What is the tens digit of c?
1
Suppose 0 = 2*b - 4 - 4. Suppose -2*o - b = 0, -3*m - 14 = m + o. Let g = 1 - m. What is the units digit of g?
4
What is the hundreds digit of ((-6)/(-2) - 830)*-1?
8
Let u = -448 + 775. What is the hundreds digit of u?
3
Let i(w) = -w**3 - 5*w**2 - 9*w - 1. Let o be 6/4*(18 - 22). What is the units digit of i(o)?
9
Suppose -4*i + 3*w + 1332 = w, -5*i + 1667 = -2*w. What is the units digit of i?
5
Let y(s) = 44*s - 4. Let w be (15/(-60))/((-1)/4). What is the units digit of y(w)?
0
Let n be 12/(-9)*(-3 - 0)/1. Suppose 10*j - n*j - 582 = 0. What is the tens digit of j?
9
Let g = -317 + 1210. What is the tens digit of g?
9
Let g(u) be the second derivative of -u**4/6 - u**3/6 + 2*u**2 + 6*u. Let a be g(-5). Let c = a + 59. What is the units digit of c?
8
What is the hundreds digit of 21056/(-504)*18/(-4)?
1
Let m = 611 + -333. What is the units digit of m?
8
Let j = 12 + -12. Suppose 3*l - 4*u = -j*l + 76, -3*u = -2*l + 52. What is the tens digit of l?
2
Let t(w) = 18*w + 14. Let b be t(-6). What is the units digit of 1/((-378)/b + -4)?
7
Let r(w) = 14*w**2 - 102*w - 23. What is the thousands digit of r(-11)?
2
Suppose 0